{"id":21,"date":"2024-02-05T19:47:26","date_gmt":"2024-02-05T18:47:26","guid":{"rendered":"https:\/\/pc-service-sommer.de\/?page_id=21"},"modified":"2025-08-10T18:46:11","modified_gmt":"2025-08-10T16:46:11","slug":"software-installationen-it-beratung","status":"publish","type":"page","link":"https:\/\/pc-service-sommer.de\/","title":{"rendered":""},"content":{"rendered":"<p style=\"padding-left: 40px;\">\n<h6 style=\"text-align: center;\"><span style=\"font-size: 14pt;\">Wir stehen unseren Kunden mit allen Dienstleistungen rund um die Bereiche Wartung, Reparatur und Installation von Computer-Hard- sowie Software und Multimediager\u00e4ten zur Seite. P\u00fcnktlichkeit, hohe Anforderungen an die Qualit\u00e4t der ausgef\u00fchrten Leistungen.<\/span><\/h6>\n<p>&nbsp;<\/p>\n<h6 style=\"text-align: center;\"><span style=\"font-size: 14pt;\">\u00a0Faire Preise je nach Aufwand.<\/span><\/h6>\n<p>&nbsp;<\/p>\n<p style=\"text-align: center;\"><a href=\"https:\/\/pc-service-sommer.de\/index.php\/pc-service-sommer\/\" target=\"_blank\" rel=\"noopener\"><span style=\"font-size: 14pt;\">Kontaktieren Sie uns und wir vereinbaren einen Vor-Ort-Termin.<\/span><\/a><\/p>\n","protected":false},"excerpt":{"rendered":"<p>Wir stehen unseren Kunden mit allen Dienstleistungen rund um die Bereiche Wartung, Reparatur und Installation von Computer-Hard- sowie Software und Multimediager\u00e4ten zur Seite. P\u00fcnktlichkeit, hohe Anforderungen an die Qualit\u00e4t der ausgef\u00fchrten Leistungen. &nbsp; \u00a0Faire Preise je nach Aufwand. &nbsp; Kontaktieren Sie uns und wir vereinbaren einen Vor-Ort-Termin.<\/p>\n","protected":false},"author":1,"featured_media":0,"parent":0,"menu_order":0,"comment_status":"closed","ping_status":"closed","template":"templates\/page-nosidebar_template.php","meta":{"footnotes":""},"class_list":["post-21","page","type-page","status-publish","hentry"],"yoast_head":"<!-- This site is optimized with the Yoast SEO plugin v27.3 - https:\/\/yoast.com\/product\/yoast-seo-wordpress\/ -->\r\n<title>- PC Service Sommer<\/title>\r\n<meta name=\"description\" content=\"PC Service Sommer**E-Mail:** info@pc-service-sommer.de** Dienstleistungen:**- PC-Reparaturen- Software-Installationen- IT-Beratung\" \/>\r\n<meta name=\"robots\" content=\"index, follow, max-snippet:-1, max-image-preview:large, max-video-preview:-1\" \/>\r\n<link rel=\"canonical\" href=\"https:\/\/pc-service-sommer.de\/\" \/>\r\n<meta property=\"og:locale\" content=\"de_DE\" \/>\r\n<meta property=\"og:type\" content=\"article\" \/>\r\n<meta property=\"og:title\" content=\"- PC Service Sommer\" \/>\r\n<meta property=\"og:description\" content=\"PC Service Sommer**E-Mail:** info@pc-service-sommer.de** Dienstleistungen:**- PC-Reparaturen- Software-Installationen- IT-Beratung\" \/>\r\n<meta property=\"og:url\" content=\"https:\/\/pc-service-sommer.de\/\" \/>\r\n<meta property=\"og:site_name\" content=\"PC Service Sommer\" \/>\r\n<meta property=\"article:modified_time\" content=\"2025-08-10T16:46:11+00:00\" \/>\r\n<meta name=\"twitter:card\" content=\"summary_large_image\" \/>\r\n<meta name=\"twitter:label1\" content=\"Gesch\u00e4tzte Lesezeit\" \/>\n\t<meta name=\"twitter:data1\" content=\"1\u00a0Minute\" \/>\r\n<script type=\"application\/ld+json\" class=\"yoast-schema-graph\">{\"@context\":\"https:\\\/\\\/schema.org\",\"@graph\":[{\"@type\":\"WebPage\",\"@id\":\"https:\\\/\\\/pc-service-sommer.de\\\/\",\"url\":\"https:\\\/\\\/pc-service-sommer.de\\\/\",\"name\":\"- PC Service Sommer\",\"isPartOf\":{\"@id\":\"https:\\\/\\\/pc-service-sommer.de\\\/#website\"},\"datePublished\":\"2024-02-05T18:47:26+00:00\",\"dateModified\":\"2025-08-10T16:46:11+00:00\",\"description\":\"PC Service Sommer**E-Mail:** info@pc-service-sommer.de** Dienstleistungen:**- PC-Reparaturen- Software-Installationen- IT-Beratung\",\"inLanguage\":\"de\",\"potentialAction\":[{\"@type\":\"ReadAction\",\"target\":[\"https:\\\/\\\/pc-service-sommer.de\\\/\"]}]},{\"@type\":\"WebSite\",\"@id\":\"https:\\\/\\\/pc-service-sommer.de\\\/#website\",\"url\":\"https:\\\/\\\/pc-service-sommer.de\\\/\",\"name\":\"PC Service Sommer\",\"description\":\"Ihr PC Service vor Ort\",\"potentialAction\":[{\"@type\":\"SearchAction\",\"target\":{\"@type\":\"EntryPoint\",\"urlTemplate\":\"https:\\\/\\\/pc-service-sommer.de\\\/?s={search_term_string}\"},\"query-input\":{\"@type\":\"PropertyValueSpecification\",\"valueRequired\":true,\"valueName\":\"search_term_string\"}}],\"inLanguage\":\"de\"}]}<\/script>\r\n<!-- \/ Yoast SEO plugin. -->","yoast_head_json":{"title":"- PC Service Sommer","description":"PC Service Sommer**E-Mail:** info@pc-service-sommer.de** Dienstleistungen:**- PC-Reparaturen- Software-Installationen- IT-Beratung","robots":{"index":"index","follow":"follow","max-snippet":"max-snippet:-1","max-image-preview":"max-image-preview:large","max-video-preview":"max-video-preview:-1"},"canonical":"https:\/\/pc-service-sommer.de\/","og_locale":"de_DE","og_type":"article","og_title":"- PC Service Sommer","og_description":"PC Service Sommer**E-Mail:** info@pc-service-sommer.de** Dienstleistungen:**- PC-Reparaturen- Software-Installationen- IT-Beratung","og_url":"https:\/\/pc-service-sommer.de\/","og_site_name":"PC Service Sommer","article_modified_time":"2025-08-10T16:46:11+00:00","twitter_card":"summary_large_image","twitter_misc":{"Gesch\u00e4tzte Lesezeit":"1\u00a0Minute"},"schema":{"@context":"https:\/\/schema.org","@graph":[{"@type":"WebPage","@id":"https:\/\/pc-service-sommer.de\/","url":"https:\/\/pc-service-sommer.de\/","name":"- PC Service Sommer","isPartOf":{"@id":"https:\/\/pc-service-sommer.de\/#website"},"datePublished":"2024-02-05T18:47:26+00:00","dateModified":"2025-08-10T16:46:11+00:00","description":"PC Service Sommer**E-Mail:** info@pc-service-sommer.de** Dienstleistungen:**- PC-Reparaturen- Software-Installationen- IT-Beratung","inLanguage":"de","potentialAction":[{"@type":"ReadAction","target":["https:\/\/pc-service-sommer.de\/"]}]},{"@type":"WebSite","@id":"https:\/\/pc-service-sommer.de\/#website","url":"https:\/\/pc-service-sommer.de\/","name":"PC Service Sommer","description":"Ihr PC Service vor Ort","potentialAction":[{"@type":"SearchAction","target":{"@type":"EntryPoint","urlTemplate":"https:\/\/pc-service-sommer.de\/?s={search_term_string}"},"query-input":{"@type":"PropertyValueSpecification","valueRequired":true,"valueName":"search_term_string"}}],"inLanguage":"de"}]}},"_links":{"self":[{"href":"https:\/\/pc-service-sommer.de\/index.php\/wp-json\/wp\/v2\/pages\/21","targetHints":{"allow":["GET"]}}],"collection":[{"href":"https:\/\/pc-service-sommer.de\/index.php\/wp-json\/wp\/v2\/pages"}],"about":[{"href":"https:\/\/pc-service-sommer.de\/index.php\/wp-json\/wp\/v2\/types\/page"}],"author":[{"embeddable":true,"href":"https:\/\/pc-service-sommer.de\/index.php\/wp-json\/wp\/v2\/users\/1"}],"replies":[{"embeddable":true,"href":"https:\/\/pc-service-sommer.de\/index.php\/wp-json\/wp\/v2\/comments?post=21"}],"version-history":[{"count":12,"href":"https:\/\/pc-service-sommer.de\/index.php\/wp-json\/wp\/v2\/pages\/21\/revisions"}],"predecessor-version":[{"id":412,"href":"https:\/\/pc-service-sommer.de\/index.php\/wp-json\/wp\/v2\/pages\/21\/revisions\/412"}],"wp:attachment":[{"href":"https:\/\/pc-service-sommer.de\/index.php\/wp-json\/wp\/v2\/media?parent=21"}],"curies":[{"name":"wp","href":"https:\/\/api.w.org\/{rel}","templated":true}]}}